is the highest common divisor of q and 155?
31
Let b(o) = -o**3 - o**2 - o - 1. Let g be b(-2). Calculate the greatest common divisor of 55 and g.
5
Suppose -3*g - c + 66 = 0, -2*c - 47 = -4*g + 41. What is the highest common divisor of 110 and g?
22
Let a = 67 - 31. Suppose 4*h + a - 111 = -5*r, 3*h = -r + 15. What is the highest common factor of r and 120?
15
Let c be 246/21 + (-6)/(-21). Let o = c + -7. Let w(d) = -d**3 - 9*d**2 - d - 4. Let y be w(-9). What is the highest common divisor of y and o?
5
Suppose -28 = -5*h - 4*w, -4*h + 2*w + 26 = 4*w. Calculate the greatest common divisor of 72 and h.
8
Let w = 3 - 2. What is the greatest common divisor of 7 and w?
1
Suppose 12*a = 90 + 114. What is the highest common factor of a and 136?
17
Let j(a) = 1 - 2*a**3 - a + 2*a**3 + 0*a**3 + a**3. Let t be j(-3). Let f = -6 - t. What is the highest common divisor of f and 85?
17
Suppose 4*n - 513 = n. Suppose -2*o = -1 - 37. Calculate the highest common divisor of n and o.
19
Suppose 5*p - 383 = 17. What is the greatest common factor of p and 10?
10
Suppose i - 6 = -i, -4*i + 57 = 3*m. What is the highest common factor of 150 and m?
15
Let w(i) = -i**3 + 7*i**2 - 7*i + 7. Let q be w(6). Let t(a) = a + 0 + q - 2 + a. Let r be t(6). What is the greatest common divisor of 99 and r?
11
Suppose -2 = -b + 6. Let u = b + -2. Let p(y) = -23*y**3 + 2*y**2 - 1. Let d be p(-1). What is the greatest common divisor of d and u?
6
Suppose -2*o = o. Suppose l - 7*l + 24 = o. What is the highest common factor of l and 8?
4
Let r = 13 - 27. Let q be (-6)/21 + (-102)/r. Calculate the highest common factor of 7 and q.
7
Suppose 3*r + 2*f = -7, 5*r + 3*f + 3 + 8 = 0. Let b be r*(2 + -2 - 15). Let w = 3 - 0. Calculate the greatest common divisor of b and w.
3
Let v = -10 + 2. Let l be -96*-2*2/v. Let f = 128 + l. Calculate the highest common factor of 32 and f.
16
Let k(u) = 2*u - 14. Let t be k(24). Calculate the greatest common factor of t and 17.
17
Let o(l) = 6*l**2 - 11*l - 5. Let i be o(3). Calculate the greatest common factor of 1 and i.
1
Let c be 8/(-20) - (-64)/10. Suppose 5 = 2*y + 1. Calculate the highest common divisor of c and y.
2
Suppose 173 - 1373 = -6*t. Calculate the highest common factor of 25 and t.
25
Suppose -5*b + 43 = 13. Let t(j) = -j**2 + 8*j - 5. Let p be t(b). What is the greatest common factor of p and 28?
7
Let r(z) = -z**3 - 7*z**2 + 2. Let v be r(-7). Suppose -2*y + h = v*y - 47, y - 3*h - 20 = 0. Calculate the highest common divisor of 99 and y.
11
Suppose 2*z - 79 = -5*o + 5*z, 0 = -3*o + 2*z + 48. Suppose -v + 0*v = v. Suppose -f + o + 2 = v. What is the highest common divisor of f and 24?
8
Let s be 1*(14 + 2/(-1)). Let n(x) = -131*x + 13. Let k be n(-9). Let y be (-4)/(-10) + k/20. Calculate the greatest common divisor of s and y.
12
Let h be (-5)/15 + (-2)/(-6). Suppose -2*t + 2*z = -152, h = -t + 5*t + 5*z - 268. Calculate the highest common divisor of 9 and t.
9
Let t = -18 - -40. What is the greatest common factor of t and 55?
11
Let j = 160 - 158. What is the highest common divisor of 6 and j?
2
Suppose 5*d - 86 = -2*x, -5*x + 0*x - 28 = -d. Calculate the highest common factor of d and 27.
9
Let q = -6 + 8. Suppose 2*c = -n + 16, q*c = -3*n - 3*c + 48. Suppose -3*b = v - 531, -4*v = 3*b - 0*v - 540. Calculate the greatest common factor of b and n.
16
Let o be (-8)/(-18)*31 - 32/(-144). Calculate the greatest common divisor of o and 350.
14
Suppose -5*y + 40 = 3*r, -3*y + 1 + 29 = 3*r. Let i = y - 5. Suppose t - 4*t + 21 = i. What is the greatest common divisor of 77 and t?
7
Suppose -3*a = -5*a + 18. Let q = a - 1. Let m = 11 - q. What is the greatest common factor of 21 and m?
3
Let s(x) = -168*x**3 + 3*x**2 + 4*x + 2. Let t be s(-1). Calculate the highest common divisor of t and 13.
13
Let s(z) = 2*z**2. Let b be s(-2). Suppose -11*n = -b*n - 3. Let f be ((-2)/3)/(1/(-12)). What is the highest common divisor of f and n?
1
Let s = 58 - 28. Calculate the highest common divisor of s and 45.
15
Let l(w) = w**2 + 7*w - 3. Let n be l(-9). What is the greatest common divisor of n and 120?
15
Suppose -5*h + 20 = -5*d, 0 = -d + 4*d + 3*h + 24. Let b(r) = -7*r + 3. Let x be b(d). Calculate the greatest common factor of x and 15.
15
Let g = 53 + -42. Calculate the greatest common divisor of g and 77.
11
Suppose 2*m - 1 = 7. Let h be -1 + -3 + m*10. Calculate the highest common factor of 12 and h.
12
Let r = 77 - 56. Calculate the greatest common factor of 21 and r.
21
Suppose -3*q + 2*y = 2*q, 0 = -2*q + 2*y. Suppose i + 3*i - 48 = q. What is the highest common divisor of i and 8?
4
Suppose -w = -y + 3, y - 7*w - 5 = -4*w. Let j be (-25)/y*(-4)/5. What is the greatest common factor of 90 and j?
10
Let s be 3*5/(10/12). Let i(y) = y + 9. Suppose 2*l = -4*u - 8, -4*l = -2*l + 5*u + 10. Let x be i(l). Calculate the highest common divisor of x and s.
9
Let r(h) = -108*h. Let i be r(-2). Suppose 4*z - i = z. Suppose 0 = -2*f + 7 + 11. Calculate the greatest common divisor of z and f.
9
Let j(b) = b**3 - b**2 - 6*b + 6. Let k be j(6). What is the greatest common factor of 10 and k?
10
Let n = 11 + -8. Let g be (-303 + n)*(-4)/10. Suppose -2*v + 2*p + g = -2*p, -275 = -5*v + 5*p. Calculate the greatest common factor of 10 and v.
10
Suppose x = 55 + 17. Suppose 2*h - 3*h = -x. Calculate the greatest common divisor of h and 9.
9
Suppose -5*q + 5*p = -35, 7*q = 2*q - 2*p + 7. What is the highest common factor of q and 3?
3
Suppose l - 60 = 3*w, 163 = 5*l - w - 137. Suppose -5*j + 48 + 27 = 0. What is the greatest common divisor of l and j?
15
Let v be 1/(1581/(-396) - -4). What is the highest common factor of v and 12?
12
Let f = -7 - -16. Let u = 3 + -6. Let q be 1 - 98*u/3. Calculate the highest common divisor of q and f.
9
Let m be 0 + 0 - -8 - 1. Let i be ((-4)/(-6))/(m/21). Calculate the greatest common divisor of i and 5.
1
Let h = 499 - 279. Calculate the greatest common factor of h and 20.
20
Let h be 3*(1 - (-8)/3). Let n be 4/12 + 35/3. Suppose -2*w + 122 = n. Calculate the highest common divisor of h and w.
11
Let s(n) = -n**3 - 3*n**2 + n. Let j be s(-5). Suppose 0 = -5*k + 26 + 4. Let v be ((-4)/(-6))/(k/j). Calculate the highest common factor of v and 2.
1
Let m = 1 + -17. Let y be (17 + m)/(2/240). Calculate the greatest common factor of 15 and y.
15
Let d = 117 + -81. Let u = d + -93. Let n = -25 - u. Calculate the greatest common divisor of n and 8.
8
Suppose 3*t + 3 = 0, 5*y = 4*t - t + 33. Suppose -y = -2*o - 0. Suppose o*g = -g + 32. What is the greatest common factor of g and 88?
8
Let q(n) = -n**2 + 7*n - 3. Let x be q(4). Let z = -4 + 5. Let m(p) = 35*p**3 + 2*p - 1. Let s be m(z). What is the greatest common factor of x and s?
9
Let k = 38 - -2. What is the greatest common divisor of 10 and k?
10
Suppose -3*k - 4*n + 100 = 0, 3*k - 46 = 5*n + 45. Let j(t) = -t**3 - 9*t**2 + 9*t + 6. Let m be j(-10). What is the greatest common factor of k and m?
16
Suppose -3*o = 25 - 61. Suppose 0 = -5*n + 58 + 2. What is the greatest common factor of n and o?
12
Suppose -2*q + 0*z = 4*z - 22, z - 58 = -4*q. Calculate the highest common divisor of q and 60.
15
Let d be -3 + 88/2 - -1. What is the highest common factor of d and 14?
14
Let l(v) = -14*v + 6. Let s be l(-4). Suppose 0 = 4*g + s - 182. Calculate the greatest common factor of g and 3.
3
Let m(g) = g**2 + 7*g + 7. Suppose 5*n + 38 = 8. Let h be m(n). Let x = -3 - -11. What is the greatest common factor of x and h?
1
Suppose 0 = -4*c - c - 55. Let v = 31 - c. Suppose -2*t + 6 = -3*u + 5*u, 2*u - 2 = -3*t. Calculate the greatest common factor of u and v.
7
Let g be 1/(1/25) + 0. Let p = -46 + 96. What is the highest common divisor of p and g?
25
Let x = 250 + -124. Suppose 2*n = g - 104, 142 = 3*g + 5*n - x. What is the highest common factor of g and 12?
12
Suppose 2*k = -5 + 15. Let x(s) = 6*s - 9 + s**2 + 26 + s + 6*s. Let y be x(-12). Calculate the highest common divisor of y and k.
5
Suppose 0 = -2*m + 129 + 51. What is the highest common divisor of 18 and m?
18
Let u = -6 - -11. Suppose 0 = -o + u*o - 72. What is the highest common divisor of o and 90?
18
Suppose w - 130 = -3*v, 0*v = -4*v - 5*w + 188. What is the highest common divisor of v and 7?
7
Let j = 167 - 79. W